 is 1bc - 7?
1b5
In base 4, what is -2 - -1303123?
1303121
In base 13, what is 495 + -4?
491
In base 8, what is 643 - 3?
640
In base 3, what is 120100 + 122?
120222
In base 11, what is 1381 - 4?
1378
In base 10, what is -73 - 25?
-98
In base 14, what is -2 + -1d?
-21
In base 10, what is 49 + -16?
33
In base 2, what is -100 - -10010101?
10010001
In base 15, what is -14 - 205?
-219
In base 13, what is 1 + b6?
b7
In base 12, what is 13 + -49?
-36
In base 10, what is 1643 + 5?
1648
In base 15, what is -7 - 9e?
-a6
In base 12, what is 84 - -4?
88
In base 5, what is 4042 - 0?
4042
In base 9, what is -3 + -60?
-63
In base 11, what is -2496 + 0?
-2496
In base 6, what is 52 - -4?
100
In base 8, what is 33 + -1013?
-760
In base 3, what is -11 - -22101?
22020
In base 13, what is 1b33 + 0?
1b33
In base 13, what is 5 + -23?
-1b
In base 15, what is 10b + 1?
10c
In base 5, what is 10 - 2414?
-2404
In base 5, what is 2 - -2?
4
In base 12, what is -9 - 4?
-11
In base 15, what is 1 + 6?
7
In base 16, what is -4 + -14?
-18
In base 15, what is 1b2 + -d?
1a4
In base 12, what is 5 + 62?
67
In base 13, what is 48c - 1c?
470
In base 16, what is 0 + 68?
68
In base 6, what is 145 - 112?
33
In base 8, what is 2 - 1331?
-1327
In base 7, what is 212 - -22?
234
In base 4, what is -2 + 2200?
2132
In base 7, what is 5 + -5024?
-5016
In base 4, what is 2 + 231?
233
In base 9, what is 16223 - -2?
16225
In base 13, what is -a - 3?
-10
In base 4, what is 10202 + -3?
10133
In base 5, what is 43 + 104?
202
In base 14, what is 5c - -a?
68
In base 14, what is 1 - 4c?
-4b
In base 6, what is -11441 - -4?
-11433
In base 5, what is 221 + 132?
403
In base 3, what is 0 - 21102?
-21102
In base 10, what is 9 - 667?
-658
In base 4, what is -201 + 33?
-102
In base 15, what is 0 - -2ad?
2ad
In base 7, what is -514 + -4?
-521
In base 14, what is b87 + -2?
b85
In base 11, what is 22 + 76?
98
In base 14, what is -594 - 2?
-596
In base 6, what is 1 + 4122?
4123
In base 4, what is 2 - -11210?
11212
In base 11, what is -21 - -18?
-4
In base 11, what is 1 - -214?
215
In base 5, what is 3 + -2403?
-2400
In base 14, what is -a - -662?
656
In base 8, what is 2161 - 1?
2160
In base 15, what is -735 + -4?
-739
In base 13, what is 948 - 4?
944
In base 12, what is 10 + -b?
1
In base 13, what is -3 - 1000?
-1003
In base 4, what is -10223 + 110?
-10113
In base 8, what is -13 - 2?
-15
In base 12, what is -1b + 6?
-15
In base 12, what is -a - -174?
166
In base 5, what is -224 - 21?
-300
In base 11, what is 3086 + 5?
3090
In base 6, what is 2044 + -21?
2023
In base 11, what is 0 - 68?
-68
In base 11, what is -9a5 - 8?
-a02
In base 5, what is -1 - 3421?
-3422
In base 4, what is 22 + 0?
22
In base 4, what is -3 - 12223?
-12232
In base 5, what is 1 + 3443?
3444
In base 11, what is -238 - 0?
-238
In base 5, what is 13 + -441?
-423
In base 16, what is 4 + -2?
2
In base 16, what is -30 + 1?
-2f
In base 12, what is 4 + -229?
-225
In base 12, what is -27 - 5?
-30
In base 8, what is -115 + 5?
-110
In base 9, what is 5 + -105?
-100
In base 15, what is 9 - 49?
-40
In base 16, what is -e - f?
-1d
In base 7, what is -2 - -1251?
1246
In base 4, what is 0 - -113?
113
In base 10, what is 5 - 11?
-6
In base 8, what is -3 - -4501?
4476
In base 13, what is 3 - 41?
-3b
In base 2, what is -1000 - -1110?
110
In base 13, what is -5b + c?
-4c
In base 12, what is -2 + 0?
-2
In base 14, what is 65 + 3a?
a1
In base 9, what is 11 + 24?
35
In base 15, what is -74 - 6?
-7a
In base 6, what is -1 - -10254?
10253
In base 8, what is 4 - 116?
-112
In base 5, what is 0 + -101?
-101
In base 14, what is -17 - -2?
-15
In base 11, what is -18 + 418?
400
In base 3, what is -10012 + -21?
-10110
In base 4, what is 230 - -1112?
2002
In base 15, what is -43 + -2?
-45
In base 4, what is -10233 + 0?
-10233
In base 13, what is -2 + -33?
-35
In base 12, what is -94 - -5?
-8b
In base 11, what is 2 + 11a5?
11a7
In base 16, what is 2564 + 4?
2568
In base 8, what is -4 + -65?
-71
In base 5, what is -2 + -230?
-232
In base 8, what is -46 - -41?
-5
In base 14, what is -5 - -1a?
15
In base 11, what is 5 + 2a9?
303
In base 14, what is -4 - -452?
44c
In base 12, what is 4 - 23b?
-237
In base 7, what is -423 + -1?
-424
In base 6, what is -332232 - -4?
-332224
In base 13, what is -4 - 8?
-c
In base 12, what is -68 + -5?
-71
In base 4, what is -2 - 220332?
-221000
In base 4, what is -2 + -2313?
-2321
In base 7, what is 1 - -235?
236
In base 3, what is -2010 - -1?
-2002
In base 3, what is -1 - 12022202?
-12022210
In base 14, what is -98 + 2?
-96
In base 16, what is 18 + -e?
a
In base 14, what is 93 + 2?
95
In base 9, what is 32 + 37?
70
In base 6, what is 3 - 111?
-104
In base 3, what is 10 + -11212?
-11202
In base 12, what is -3 - 3a4?
-3a7
In base 13, what is 3 + 275?
278
In base 9, what is -11 - 15?
-26
In base 9, what is 23 - -2?
25
In base 4, what is -10 - -1001?
331
In base 8, what is -462 + 0?
-462
In base 4, what is -3 + -102222?
-102231
In base 16, what is 44d + f?
45c
In base 2, what is 1 - 1010111101110?
-1010111101101
In base 6, what is 0 + 1503?
1503
In base 12, what is -7 + 39?
32
In base 14, what is db - 5?
d6
In base 15, what is -72 + -3?
-75
In base 3, what is 1021 + 200?
1221
In base 12, what is 3901 - 3?
38ba
In base 14, what is 448 + -4?
444
In base 3, what is 11121 - 2011?
2110
In base 16, what is -47 + -61?
-a8
In base 11, what is -454 + 2?
-452
In base 15, what is -1 - 57?
-58
In base 14, what is -c + -265?
-273
In base 3, what is 0 + 1101?
1101
In base 13, what is -1 + 8a?
89
In base 8, what is -5 + 6?
1
In base 11, what is 2 - -152?
154
In base 5, what is -4 + -430?
-434
In base 2, what is 100 + -111100000?
-111011100
In base 11, what is 11 + 5?
16
In base 12, what is -13b + 3?
-138
In base 12, what is -4b + 1?
-4a
In base 14, what is -141 - -1?
-140
In base 8, what is 4 - 262?
-256
In base 16, what is -1a - -5a?
40
In base 13, what is -7 + a47?
a40
In base 10, what is -2 + 724?
722
In base 3, what is -1 - -110220?
110212
In base 12, what is 26 - -4?
2a
In base 14, what is -3 - ad?
-b2
In base 2, what is 11000 - 1011110?
-1000110
In base 5, what is -3 - 11232?
-11240
In base 4, what is -1031 + -1211?
-2302
In base 9, what is -3 + 664?
661
In base 6, what is 1 + 14113?
14114
In base 11, what is 20 + 8?
28
In base 15, what is -d6 - 1b?
-102
In base 5, what is 30 + -21110?
-21030
In base 4, what is -13212 + 1?
-13211
In base 2, what is -10000010 + -11000?
-10011010
In base 9, what is 3 + 664?
667
In base 3, what is 11 + 102212?
110000
In base 6, what is -12 - 1212?
-1224
In base 11, what is 4 + -920?
-917
In base 15, what is -78 - -19?
-5e
In base 4, what is 2 - 20021?
-20013
In base 12, what is 36 - -24?
5a
In base 5, what is -10 + 4413?
4403
In base 14, what is -1c7 + 6?
-1c1
In base 6, what is -5 + -3?
-12
In base 8, what is 275 + -5?
270
In base 14, what is 34 + 0?
34
In base 8, what is 614 - 6?
606
In base 12, what is 307 - -7?
312
In base 15, what is d + 10?
1d
In base 2, what is -11100000 - 101?
-11100101
In base 13, what is -5 + -3?
-8
In base 2, what is 1000 - 11101101?
-11100101
In base 12, what is 7 - 1392?
-1387
In base 4, what is -22111 - 0?
-22111
In base 3, what is -1120 + -120?
-2010
In base 4, what is 32111 + -2?
32103
In base 6, what is 10110 - -4?
10114
In base 3, what is 10 - -20?
100
In base 15, what is -12 + -13c?
-14e
In base 10, what is 1279 + 4?
1283
In base 12, what is 20 - 33?
-13
In base 15, what is 1e + 95?
b4
In base 10, what is 15 + 25?
40
In base 7, what is 14 + 2?
16
In base 5, what is 112 - -1?
113
In base 16, what is 2 + -33?
-31
In base 14, what is a + 12?
1c
In base 4, what is -1 - -1021323?
1021322
In base 11, what is -905 - -10?
-8a5
In base 3, what is 201101 + 21?
201122
In base 16, what is -2 + -12f1?
-12f3
In base 7, what is -15054 - -5?
-15046
In base 2, what is 101011111 + -101?
101011010
In base 8, what is 31 - -5?
36
In base 8, what is 5 - -175?
202
In base 16, what is -103 + -17?
-11a
In base 7, what is 2 + 22065?
22100
In base 9, what is -12 + 383?
371
In base 14, what is 103 - 4?
dd
In base 9, what is -3443 + 5?
-3437
In base 8, what is -1 + 242?
241
In base 9, what is 2536 + 3?
2540
In base 4, what is 202113 - 3?
202110
In base 12, what is 629 + 2?
62b
In base 7, what is 3 - -206?
212
In base 8, w